ed by 22.
7
Let i(y) = -7*y**3 + 133*y**2 + 25. Suppose -2*h = -4*h + 196. Calculate the remainder when h is divided by i(19).
23
Let w = 29 + 426. Calculate the remainder when w is divided by 78.
65
Let s(q) = 6*q**2 + 18*q + 31. What is the remainder when 1206 is divided by s(-3)?
28
Let l be 1/((7/182)/(1/2)). Suppose 11*s = l*s + 2*v - 58, -3*s + 2*v + 62 = 0. Calculate the remainder when 213 is divided by s.
21
Suppose -5*a - 40 = -4*b, -107*b + 103*b = 3*a - 72. Calculate the remainder when 492 is divided by b.
12
Suppose -2*y + 5*w + 0 = -1, -5*y - 75 = 3*w. Suppose -5*g - 32 = 13. Calculate the remainder when (g/3)/3*y is divided by 5.
2
Suppose -4*g - 20 = -0*g. Let h(d) = d**2 - 2*d - 11. Let q be h(g). Let w = q + -17. Calculate the remainder when 11 is divided by w.
4
Let k(w) = 3*w - 2. Let z be k(4). Suppose z*g + 89 = 11*g. Calculate the remainder when g is divided by 30.
29
Calculate the remainder when 15 is divided by (18/(-10))/((-970)/(-200) + -5).
3
Let g(q) = q - 1. Let p(j) = -j + 1. Let f(o) = -4*g(o) - 5*p(o). Let b be f(-9). Calculate the remainder when 31 is divided by (136/20)/((-4)/b).
14
Let w(t) = -t**2 - 10*t + 7. Suppose -2*m - 5 = 5. Let d be w(m). Suppose -2*c + 4*c - d = 0. What is the remainder when 30 is divided by c?
14
Calculate the remainder when (1 - -45)/((-14)/(-56)) is divided by (186/4)/((-309)/(-206)).
29
Suppose -2*w - 4 = -14. Suppose -21 = w*b - 191. Suppose 2*y = -0*y - z + 40, -b = -y - 4*z. Calculate the remainder when 34 is divided by y.
16
Suppose -336 = -21*g - 63. Suppose 5*n - 28 = n. Suppose n*f - 189 = 4*f. What is the remainder when f is divided by g?
11
Let r = 30 + -28. Let b = -58 + 14. Calculate the remainder when 16 is divided by (b/(-33))/(r/9).
4
Suppose -12*v - 728 = -40*v. What is the remainder when 49 is divided by v?
23
What is the remainder when 320 is divided by (34/4)/((-8)/(-16))?
14
Let c(k) = 3*k**2 + 4*k - 7. Let j be c(-3). Suppose 9*g - 1819 = -j*g. Calculate the remainder when g is divided by 10.
7
Suppose -182 = -29*t - 8. What is the remainder when 28 is divided by t?
4
Let x(n) = 2*n**2 + 7*n + 3. Let b(f) = -f**2. Let l(r) = -3*b(r) - x(r). Let t(d) = -4*d - 2. Calculate the remainder when t(-11) is divided by l(9).
12
Suppose 20 = -23*n + 112. Calculate the remainder when 175 is divided by n.
3
Suppose -6 - 8 = -d. What is the remainder when 151 is divided by d?
11
Suppose -5*h - 90 = 4*m, 5*h - 2*m + 72 = h. Let u = 48 + h. What is the remainder when 116 is divided by u?
26
Let r = 318 + -217. What is the remainder when r is divided by 2 + 5 + (-7476)/(-420) + 6/5?
23
Let o = 270 - 162. Suppose -o = -2*y - 2*y. Suppose -15 = -5*m, -97 + y = -4*d + 2*m. Calculate the remainder when 36 is divided by d.
17
Calculate the remainder when (444/(-60) - -7)/(2/(-2215)) is divided by 109.
7
Suppose 0 = -2*z + 5*z + 2*b - 19, 5*b - 19 = 2*z. Suppose -3*a + 2*o = -8, -5*a + 6*a + 4*o = 12. What is the remainder when a*5/(40/14) is divided by z?
1
Suppose 6*d + 118 = 676. Calculate the remainder when d is divided by 16.
13
Let c = -396 + 488. What is the remainder when c is divided by (24 - 1) + 6/3?
17
Let n = -145 - -397. Let c be n/10 - (-5)/(-25). Suppose -81 = -4*i - c. What is the remainder when 52 is divided by i?
10
Suppose v - 60 = -2*w, w + w = -2*v + 122. Suppose 0 = -5*y + 5*p + 70, -3*p = -5*y - 0*p + v. Calculate the remainder when 0/(-3) + 29/1 is divided by y.
9
Let s(c) = 2 + 740*c + 1 - 760*c. Let v be (1/(-2))/((-3)/(-12)). Calculate the remainder when s(v) is divided by 15.
13
Let k(g) = -g**3 + 20*g**2 - 20*g + 22. Let b = -4 - -8. What is the remainder when b is divided by k(19)?
1
Let a be 0 + 1 + 6/3. Suppose -3*x + 307 = -2*o - 0*x, 2*o + 337 = -a*x. Let d = -96 - o. Calculate the remainder when d is divided by 17.
14
Calculate the remainder when 206 is divided by 0 + 25 + 1 + 0.
24
Suppose -2*g + 22 = 4*c, 5*g + 4*c - 50 - 5 = 0. Calculate the remainder when 27 is divided by g.
5
Let k be (-1492)/(-4) - (-1 + (-2 - -7)). Suppose 10*l - k = 171. Suppose 4*u - 5*u + 19 = 0. Calculate the remainder when l is divided by u.
16
Let x = -15 + 26. Suppose -4*z = -3*z - x. Let a = -58 - -78. What is the remainder when a is divided by z?
9
Suppose -12 = 5*o + 3, -3*z + 114 = -5*o. Let y = 50 + -32. What is the remainder when z is divided by y?
15
Let j(y) = -y**3 - 9*y**2 + 6*y - 27. What is the remainder when j(-11) is divided by 34?
13
Let k(v) = -6*v + 8. What is the remainder when 73 is divided by k(-5)?
35
Let t(r) = r**2 - 9*r - 4. Let q(u) = u**2 + 3*u - 3 + 3*u**2 + 3. Calculate the remainder when t(11) is divided by q(-2).
8
Let v = -49 + 4. Let b = -8 - v. Suppose -14*j + 57 = -83. What is the remainder when b is divided by j?
7
Let r = 635 - 598. Let c(u) = -2*u**2 + 19. Calculate the remainder when r is divided by c(0).
18
Let h(o) = o**2 + o - 8. Calculate the remainder when h(7) is divided by 0/2 - (-2 + -14 + -1).
14
Suppose 10*u = 6*u - 2*f + 502, 0 = -5*u + 3*f + 622. Calculate the remainder when u is divided by 22.
15
Let h(s) = s**2 + 8*s + 15. Let f be h(-6). Suppose -c + 3*v + 2 = -10, 4*v = f*c - 46. Calculate the remainder when 106 is divided by c.
16
What is the remainder when 17 is divided by (9 - -2) + 5/((-15)/6)?
8
Let k(u) = u**3 + 10*u**2 - 5*u + 76. What is the remainder when k(-10) is divided by 57?
12
Suppose 30*k = 654 + 1056. What is the remainder when k is divided by 9?
3
Suppose -9*t = -133 - 65. Calculate the remainder when 77 is divided by t.
11
Suppose 2*o = 4*l - 1090, l - o - 277 = -5*o. What is the remainder when l is divided by 41?
27
Let d = 460 + -406. What is the remainder when d is divided by 19?
16
Let c = -35 + 53. Let i(v) = v**2 + 9*v + 2. Let x be i(-11). What is the remainder when ((-35)/3)/((-4)/x) is divided by c?
16
Suppose -2*z + 5*m = z - 224, 3*z + m - 218 = 0. Suppose 0 = 8*o + 1 - z. Let r = 33 + 9. Calculate the remainder when r is divided by o.
6
Let v = 690 - 672. What is the remainder when 34 is divided by v?
16
Let g(i) = 54*i**3 + 9*i - 27. Calculate the remainder when g(2) is divided by 17.
15
Let w be (3 + 5)/(3/3). Suppose -5*c + w*c = 159. Calculate the remainder when c is divided by (1 - 1) + 1*19.
15
Suppose -3*o + 4*p - 1 = -11, -4*p + 6 = 5*o. Suppose 0 = 4*t + 3*r, 4 + 4 = 4*t + r. What is the remainder when t is divided by o?
1
Let b be (-10)/(-1)*(3 + -32). Let k = -167 - b. Calculate the remainder when k is divided by 31.
30
Let r = -19 + 33. Suppose 18*x - 48 = r*x. Let a(w) = 4*w - 11. What is the remainder when x is divided by a(4)?
2
Let n(s) = s**2 - 15*s - 1. Suppose -54 + 12 = -3*p. What is the remainder when n(18) is divided by p?
11
Let i = 852 - 785. Calculate the remainder when 145 is divided by i.
11
Let q = -743 + 830. What is the remainder when q is divided by 29?
0
Let h be (-2)/5 - 16/10. Let r = 45 - 34. Let f = r + h. Calculate the remainder when 17 is divided by f.
8
Let y be -24*6/8*44/(-12). Let b = -44 + y. What is the remainder when 84 is divided by b?
18
Let l(z) = z**2 + 12*z + 24. Let x be 2/3 + 70/(-6). What is the remainder when 22 is divided by l(x)?
9
Suppose 4*t + 3*l = 84 + 135, 2*t - 2*l - 106 = 0. Let d = t - 53. Calculate the remainder when 3 is divided by d.
0
What is the remainder when 2*(-3)/(-18) + 230/3 is divided by 3?
2
What is the remainder when (-92)/(-69) - 904/(-6) is divided by 148?
4
Let h(b) = 111*b. Calculate the remainder when h(1) is divided by -13 + -105*10/(-25).
24
Let i = -99 + 202. Suppose -9*o - 7322 = -7385. What is the remainder when i is divided by o?
5
Let q = 97 + -33. Let i = q - 63. Calculate the remainder when 2 is divided by i.
0
Let h = 1 - -3. Suppose -4*a = -22 - 2. Let i = 11 - a. Calculate the remainder when i is divided by h.
1
Let r be (2/3)/(6/153). Let n = 31 - r. Calculate the remainder when (-322)/(-8) - (-7)/(-28) is divided by n.
12
Let i = 20 + -20. Suppose -3*f + 2*f + 48 = i. Suppose 6*v = 3*v + f. Calculate the remainder when v is divided by 10.
6
Suppose 4*n + 5*l = -658, -3*n + 0*n + 4*l - 509 = 0. Let x = -160 - n. What is the remainder when 13 is divided by x?
6
Suppose 5*u - g - 84 = 0, 2*g - 6*g = u. Suppose -5*i = -0*i + 4*d - 71, 0 = 4*d - u. What is the remainder when 4/2*(-19)/(-